))
3
10 - (-8 + 11) - 7
0
Evaluate 5 + -5 - (7 - -2).
-9
Calculate (-5 - -6) + (1 - 1) - 0.
1
Calculate 3 + (1 - -6) + (-4 - 1).
5
Calculate 6 + -3 - (-2 + 8 + -1).
-2
16 + -1 - 4 - 15
-4
What is 2 - (3 - 8 - -9)?
-2
Evaluate 3 + (-4 - -3) + 1.
3
Calculate (-7 - -9) + (-7 - 1).
-6
What is the value of -4 + (4 - (4 - 4))?
0
4 - 0 - (3 - (1 + -1))
1
Calculate 14 - 13 - -2 - (-2 + 1).
4
0 + -1 + (4 - 6)
-3
What is the value of 0 + 7 - (10 - 6) - 5?
-2
(-28 - -11 - -6) + 8
-3
What is -1 - ((-6 - -6) + 4) - -3?
-2
(10 - 0) + -15 + 10 - 0
5
Evaluate -3 + -1 + (-1 - 0) + 1.
-4
Evaluate -4 + 0 + 2 + -1 + -2.
-5
What is -2 + 2 + (1 - 4)?
-3
2 - -6 - (-7 - -10)
5
Evaluate -6 + -6 + 12 + (-3 - 1).
-4
Calculate 67 + -81 + (8 - -2).
-4
Evaluate -8 - (-12 + -11 + 6).
9
13 + 0 - (82 + -73)
4
Calculate -3 + -4 - (-9 + (22 - 12)).
-8
Calculate 18 + -12 + -12 + 5.
-1
What is -4 - (8 + -3 + -3 + 1)?
-7
Calculate (-4 - (3 - 6)) + 5.
4
Evaluate 4 + (3 + 0 - (28 + -25)).
4
1 + (8 - -2) + -3
8
-11 - -12 - (3 + 2 + 3)
-7
What is the value of (-2 - (1 + 1 + -3)) + 5?
4
What is the value of -19 + (-9 - -10) + 8?
-10
Evaluate 11 + -20 - (-1 - 11).
3
What is the value of 1 - (2 - 6) - (3 + -3)?
5
What is the value of 7 - (5 + (-9 - -3))?
8
Evaluate -5 + 0 + 5 + 2.
2
Calculate 4 - (3 - 9) - 13.
-3
Calculate -1 + -6 + 6 + -3 + -1.
-5
Evaluate (-2 - -10) + (3 - 7).
4
What is the value of -2 + 7 + -10 + 3 + 0?
-2
5 - 1 - (-15 - -16)
3
What is the value of -2 + (-1 + 8 - 7)?
-2
What is -2 + (4 - (11 + -8))?
-1
What is (4 - (4 + 0)) + -4?
-4
Calculate (-19 - -13) + (0 - -3).
-3
(-1 + 3 - 3) + (47 - 51)
-5
What is the value of (-8 - (4 - 7)) + (19 - 5)?
9
Calculate 7 + 6 + 3 + -23.
-7
15 + -8 - (-1 + -2 + 8)
2
What is the value of (2 + (2 - 3) - -2) + -2?
1
What is 8 + -14 + 17 - (4 + 0)?
7
Calculate 3 + (-10 - -6) - 2.
-3
What is (10 - 15) + 0 - -10?
5
0 - (-2 + -1 + -1)
4
(2 - -1) + (1 - 1)
3
What is 4 + -2 + -1 + 3?
4
Evaluate 3 + 1 - (3 + 3).
-2
1 + 4 + (-1 - 3)
1
Evaluate (13 - (-3 + 10)) + -5.
1
What is (11 + -6 - 6) + 1 + 2?
2
(-6 - -8) + 2 - (0 + 2)
2
7 + 2 + (3 - 8)
4
Calculate (6 - -2 - -2) + -8.
2
What is (-9 + 15 - 7) + 5?
4
What is 10 + -11 - (-1 + -1)?
1
Calculate (15 - 37) + 10 - (1 + -3).
-10
What is 4 + -3 + -1 + -3?
-3
What is the value of -14 - ((0 - 0) + -7 + 0)?
-7
Calculate 1 - ((4 - (0 + -3)) + -2).
-4
What is the value of 3 + (4 - (6 - 1) - 4)?
-2
Evaluate -2 + (5 - 2) - 1.
0
What is (1 - 0) + 3 + -6?
-2
What is the value of 0 + -4 + 6 + 3?
5
What is -4 + 5 + -5 - 0?
-4
Calculate -5 + (6 - (1 + 1)) - 2.
-3
What is the value of -4 - 0 - (1 - 1)?
-4
What is -5 + 7 + -20 + 8?
-10
What is the value of 4 + 8 + -9 + -9?
-6
8 - 5 - (1 - -2)
0
Calculate (-2 + 11 - 6) + -5.
-2
Evaluate -10 + -3 + 12 + -4.
-5
3 + 0 - (-2 + 2 + 0)
3
What is the value of 4 - (28 + -26 + (0 - 0))?
2
0 + 1 - 1 - (13 - 17)
4
What is the value of -5 - (4 - (-3 - -7))?
-5
-8 + 1 - (-9 - -4 - 7)
5
-2 - (7 - 17 - -12)
-4
Calculate -1 - 2 - (-6 - (1 + -9)).
-5
Calculate -11 + (-7 - -10) + 0.
-8
Calculate (2 - -3) + -4 + -4.
-3
What is 2 + -3 - (2 + 2)?
-5
Evaluate (41 - 43) + (1 - (0 - -1)).
-2
-9 - -4 - -4 - (-1 - -2)
-2
Calculate -5 - (-4 - (-3 + 1) - 4).
1
Calculate (-4 - (2 + -8)) + (3 - 4).
1
Calculate -98 - -90 - (0 - (0 + 3)).
-5
2 - 4 - 0 - (3 + 2)
-7
What is the value of 1 + 1 - (0 - 3)?
5
What is 6 - 7 - (-10 + -3 + 5)?
7
Calculate 0 - (1 - (9 + -5)) - 2.
1
What is the value of 14 + -5 + (1 + 1 - 7)?
4
Evaluate -7 + (3 - (-2 + 3)).
-5
What is the value of -4 + -4 + -27 + 33?
-2
Calculate -44 + 36 + (2 - 0) + 4.
-2
Evaluate (1 - 3) + 15 + -16.
-3
What is the value of (6 - 5) + (-3 - -2)?
0
What is -3 + (2 - (-5 - -2 - -2))?
0
Evaluate (10 - 9) + (-1 - 2).
-2
What is the value of 4 + 5 + -3 - 2?
4
What is 7 + -3 - (3 - 2 - -1)?
2
4 - 14 - -8 - (1 + 1)
-4
-9 - -6 - (1 + (2 - 9))
3
Calculate 1 + 0 + 3 + (2 - 3).
3
Evaluate -1 + (-9 - -5) + -1.
-6
((-4 - -7) + 1 - 1) + 2
5
What is the value of 7 - (2 - (-1 + -4 - -1))?
1
Calculate (-4 - -1) + (2 - 2).
-3
Evaluate 3 - ((0 - 9) + 3 + 6).
3
Calculate -2 + (-6 - -3 - (-1 - 0)).
-4
What is the value of (-13 - -11 - -4) + 2 + 2?
6
What is the value of -2 + 3 + -9 + 14?
6
Calculate 3 + (-7 - (-1 - -1) - -1).
-3
What is 6 + -3 - (-3 - -7)?
-1
Evaluate -6 + 6 + (-2 - -1) - -5.
4
1 - (6 - (-9 - -12))
-2
What is 1 - (-1 - -5) - -5?
2
Evaluate 5 + -6 - (0 + -1).
0
Calculate -1 + 0 + -9 + 10.
0
What is -5 + (9 - -2) - 9?
-3
What is the value of 6 - (5 - (0 + 1))?
2
What is 5 - 1 - (1 - 6 - -13)?
-4
What is the value of -1 + (-2 - -1) + -1 + 3?
0
What is the value of 1 + (-3 - (-1 - -6)) + 8?
1
Evaluate -3 + 2 - ((-21 - -11) + 12).
-3
What is the value of (11 - 13) + -4 + (-3 - -4)?
-5
Calculate 0 + (6 - 4) + -3 + -2.
-3
1 - (-5 - (0 - 4))
2
Calculate -3 + (-1 - -5) + 1.
2
Evaluate 2 + -5 + (1 - 2) + -1.
-5
-3 + 7 + 6 + (-3 - 5)
2
-17 + 17 + (3 - (-1 + 1))
3
What is the value of -1 + 2 + 4 + -5 + -3?
-3
What is the value of (6 - (12 - 9)) + 2?
5
Calculate (-4 + -1 - -11) + -2.
4
Calculate 4 - (-6 - -14) - -2.
-2
What is the value of -8 - -8 - (4 - 5 - -11)?
-10
(3 - 8) + 10 + -2
3
Evaluate 3 + -1 + -2 + 0.
0
Calculate -4 + 6 + -2 + -1.
-1
Calculate 4 + 0 + 0 + 3 + -11.
-4
What is the value of (5 - (-6 + 2 + 7)) + -5?
-3
Calculate (-223 - -222) + (-5 - (1 + -1)).
-6
Calculate -1 + -4 - (-30 - -28).
-3
What is the value of -14 + 12 - (-4 - -2)?
0
Calculate 0 + 2 - (4 + -1).
-1
Calculate 2 + -5 + (2 - -3).
2
What is -2 - ((-1 - 1) + (2 - 3))?
1
Evaluate 20 + (-13 - -10) + -8.
9
Calculate 3 + 4 + (4 - 9 - 5).
-3
What is 2 - (2 - ((8 - 4) + -2))?
2
What is (4 - 1) + -4 - -5?
4
Evaluate 3 + (6 - (11 - 6)).
4
What is the value of 2 + -8 - (-1 + (-3 - -3))?
-5
-5 + 7 + -23 + 8 + 2
-11
Calculate (-4 - (-5 + 6)) + 5.
0
Evaluate (-18 - -6 - -13) + (1 - -4).
6
Evaluate (-1 - 4) + (-4 - (3 - 12)).
0
Calculate -2 - 1 - (-9 + 11).
-5
5 - -2 - (6 + -5 + 12)
-6
What is 0 + 0 - (-1 + 0)?
1
Evaluate -1 + 9 + (-25 - -11).
-6
(8 - 6) + -4 + -3
-5
Evaluate 0 + 0 + 10 + -3 + -2.
5
What is the value of -9 - (-18 - -10 - 3)?
2
(-17 - -1) + 7 + -3 + 5
-7
-1 + ((0 - 2) + 4 - 2)
-1
What is (-12 - -12) + -4 + -2 + 2?
-4
What is -1 + 4 - (-4 - 6 - -4)?
9
What is -4 + 1 + (4 + -6 - -4)?
-1
(0 + 1 - 1) + 4
4
What is the value of (-6 - -1) + (-4 - -17)?
8
What is the value of -4 - (4 + -8) - -1?
1
Evaluate -8 - (-2 + -1 - 1).
-4
Evaluate 2 - 4 - (3 - 7).
2
What is the value of (-1 - (-3 - -3)) + 5?
4
(2 - ((-1 - 2) + 3)) + -6
-4
Calculate -6 + -1 - ((-5 - 1) + 4).
-5
Calculate 0 + (0 - (6 + -3)).
-3
What is the value of (20 - (14 - -6)) + (5 - 0)?
5
(-6 - 1) + (34 - 31)
-4
(1 - 4) + 1 + -1
-3
What is (1 + 2 - 0) + -1 + 0?
2
What is 0 + -1 + 3 - 2?
0
What is (-8 - -11) + 3 + -5?
1
What is the value of -34 + 30 + -2 + 0?
-6
What is 30 + -16 - (1 - -4)?
9
What is 9 - (24 + -10) - (0 + 3)?
-8
What is the value of 0 - 1 - (7 + -13 - -6)?
-1
Evaluate 8 + (1 - 9) - 4.
-4
Evaluate 3 + (-1 - -1 - -1).
4
1 - (-7 + (3 - 0))
5
What is the value of 5 - (-7 - (6 + -6) - -4)?
8
What is the value of -2 + (6 - (-2 + 3))?
3
Evaluate -5 + (-1 - -4) - 2.
-4
What is 13 - (-1 - -8) - 13?
-7
What is the value of -2 - ((4 - -4) + (-2 - 2))?
-6
What is the value of (49 - 43) + (0 - -3 - 9)?
0
Evaluate 2 + 0 + -5 + 3.
0
What is the value of 7 - 3 - 9 - -9?
4
13 - 5 - (1 + (1 - -1))
5
Evaluate 14 - (-4 + 8) - (-3 + 8).
5
What is 9 + (-8 - -2 - -3)?
6
What is 1 - (-4 - -15) - -2?
-8
What is (1 + 0 - -3) + -2?
2
-2 + 0 + (3 - 7)
-6
Evaluate (7 + -1 - 4) + 3.
5
What is the value of (2 - (9 + (2 - 3))) + 1?
-5
What is 4 + -7 + 1 + -4?
-6
1 + (8 - (1 + 5)) + -2
1
What is the value of (3 + 1 - 3) + -1 - 2?
-2
4 - ((-17 - -6) + 23)
-8
-3 + 6 + -3 - (1 - 1)
0
What is the value of 4 - (4 + -12 + 5 - -2)?
5
What is 10 + -14 - (-2 + -8 - -4)?
2
Evaluate 0 + 4 + -8 + -2 - -5.
-1
Calculate (-4 - (-9 + 2)) + -1.
2
What is 3 + -4 + 0 + 0?
-1
Evaluate 6 + 0 - (-9 + 13).
2
-6 - (-3 + -3 + 2 + 3)
-5
28 - 28 - (-4 + -4 + 1)
7
What is 1 + 0 + -2 + -1?
-2
What is the value of 0 + 1 - (-4 + (-9 - -15))?
-1
-7 + 6 + (3 - 4)
-2
What is -9 + 7 + 5 + 0?
3
Evaluate 3 + 8 + -12 + 1.
0
Calculate 11 - (6 - -4 - 4).
5
Calculate 21 + -13 + (-6 - -6).
8
Calculate -6 - (-8 - (-8 + -1)).
-7
Evaluate -5 + -7 + 10 + -3.
-5
What is the valu